. Let f be a(3). Let n = 37 - f. What are the prime factors of n?
17
Let s be 6/(-36) + (-733)/(-6). Let v = s - 73. List the prime factors of v.
7
Let b = 2873 + -1459. List the prime factors of b.
2, 7, 101
Let y be (-9)/(-6)*(-132)/(-3). Suppose -5*h + 4*m = -y, -2*m + 0*m = -3*h + 38. Suppose 0 = h*t - 14*t + 72. What are the prime factors of t?
2, 3
Let v = 70 - -1278. What are the prime factors of v?
2, 337
Let g(f) be the second derivative of -f**4/12 - 37*f**3/6 - 21*f**2 + 24*f. What are the prime factors of g(-26)?
2, 61
What are the prime factors of 3 + -2 + (-1050)/(-10)?
2, 53
Suppose -9*a = -20 - 7. Suppose 4*f = -h + 44 + 71, 110 = a*f - 4*h. What are the prime factors of f?
2, 3, 5
Suppose -29*c = -39*c + 7170. What are the prime factors of c?
3, 239
Let j be 1105/(-119) + 4/14. Let y be 15/(-2)*6/j. Suppose -y*p + 3*p + 18 = 0. List the prime factors of p.
3
Suppose -2*s = -5*n - 5177, -9*n = -4*s - 5*n + 10348. What are the prime factors of s?
2, 3, 431
Suppose 0 = 4*m - 2*m - 24. Suppose 3*o - 48 - m = 0. Let f = o - 8. List the prime factors of f.
2, 3
Let f be (-6)/((-1)/(4/4)). Let o be 28/(-21)*f/(-4). Suppose 5*r = 3*m - 82, 5*r - 62 = -o*m - m. List the prime factors of m.
2, 3
Suppose 0 = 2*u + 3*y - 45, 4*u = -y + 31 + 44. Suppose 2*r - 14 = u. List the prime factors of r.
2
What are the prime factors of 142*5/((-50)/(-35))?
7, 71
Let h(l) = -l**3 + 10*l**2 - 3*l + 4. Let m be h(4). What are the prime factors of 266/11 - 16/m?
2, 3
Suppose 0 = -11*z + 36 + 8. Suppose 0 = -4*q + z, 4*b = -b - q + 171. List the prime factors of b.
2, 17
Let r(u) = -u**3 + 12*u**2 + 13*u + 3. Let f(o) = 2*o**2 + 3*o - 1. Let a be f(2). Let j be r(a). What are the prime factors of -7 + (7 - j) - -10?
7
Let l(i) = 72 + 8*i - 76 - 2*i - 2*i + i**2. Suppose 40 = -4*z - 3*j, 2*z + 0*j + 18 = -j. What are the prime factors of l(z)?
17
Let g = 223 - 127. Let j = -48 + g. What are the prime factors of j?
2, 3
Let j(w) = -39*w**3 - 7*w**2 - 7*w + 1. List the prime factors of j(-3).
2, 11, 23
Let o(r) = 6*r**2 - 2*r - 120. List the prime factors of o(18).
2, 3, 149
Let r = 658 + -594. What are the prime factors of r?
2
Let a be ((-68)/16)/(2/8). Let r = a + 25. List the prime factors of r.
2
Let j be 6/(-4)*(-10)/(-5). Let y(p) = 16*p**2 + p - 1. Let i be y(j). Suppose 15*m - 10*m = i. What are the prime factors of m?
2, 7
Let g = -20 - -40. Suppose 3*q + q = g. Suppose -15 = 5*a, 3*a - q + 50 = 2*f. List the prime factors of f.
2, 3
Let b(f) = f**2 + 5*f - 24. Let q be b(-9). Let h(p) be the second derivative of p**3/3 - 3*p**2 - p. List the prime factors of h(q).
2, 3
Suppose 0 = 4*p + p + 1000. Let r = -111 - p. List the prime factors of r.
89
Suppose -w - 4*k + 306 = 0, -2*k - 103 - 185 = -w. What are the prime factors of (4/(-12))/(-1*2/w)?
7
Let c = -1 + 31. List the prime factors of 2900/c - 4/6.
2, 3
Let a = 152 - 54. Suppose 3*k + 20 = 7*k. Suppose 28 = -2*l - 4*p + a, -k*l + p + 186 = 0. List the prime factors of l.
37
Let g = -22 - -24. Suppose 7 = -g*c + 23. Suppose -c*i = -339 + 11. List the prime factors of i.
41
Let p(y) = -y**3 - y. Let c(t) = -34*t**3 + 2*t**2 + 5*t. Let j(w) = -c(w) - 6*p(w). What are the prime factors of j(1)?
3, 13
Suppose 0 = 9*f + f - 7250. List the prime factors of f.
5, 29
Let i(w) = 4*w**2 + 3*w + 10. Suppose -2*r + 29 = 5*v, 15 = 5*v - 3*r - 4. Let l be i(v). Suppose n - l = -4*n. What are the prime factors of n?
5
Suppose -4*c + 4190 = -2*l, -57*c + 1025 = -56*c - 5*l. List the prime factors of c.
2, 3, 5, 7
Let k(b) be the third derivative of b**4/24 + b**3/6 - 3*b**2. Let x be k(1). Suppose 0 = x*r - 2*q - 20, r - 56 = -3*r - 4*q. List the prime factors of r.
2, 3
Let r(c) = -2*c + 24. Let b be r(12). Suppose 0*v + v - 44 = b. List the prime factors of v.
2, 11
Let g(m) = -m + 3. Let c be 3 - (-51)/3 - 0. Suppose a + 5*x - 6 = 16, 5*a - x + c = 0. List the prime factors of g(a).
2, 3
Suppose 0 = -f - 3*f + 3*g - 28, 3*f - 2*g = -22. Let z be 6/f - (-415)/25. Suppose -4 + z = 3*i - 3*h, -3*i + 7 = -4*h. What are the prime factors of i?
3
Suppose 0 = 2*v - 77 + 83, 2*c - 1115 = 3*v. List the prime factors of c.
7, 79
Suppose 4*q - h - 3*h - 8 = 0, 4*h = 4. Suppose -q*u + 309 = -4*j, 5*u - 525 = 4*j - 2. What are the prime factors of u?
107
Let a(h) = 49*h + 19. Let l(z) = 98*z + 39. Let y(m) = 13*a(m) - 6*l(m). Let i be y(-4). List the prime factors of (i/9 + -3)*-3.
2, 5, 7
Suppose 0*v + 2*v = -4*r - 70, -3*r = 15. List the prime factors of (2*5/v)/(2/(-850)).
2, 5, 17
Suppose 0 = 5*j - 66 - 104. Suppose -4*m + j + 190 = 0. List the prime factors of m.
2, 7
Suppose 4*x = 3*n + 25, -2 = -x - 0*x + 5*n. Suppose x*t = 3*t + 492. Suppose -6*i - 33 = -t. What are the prime factors of i?
3, 5
Suppose 291 = 10*b + 1191. Let l = 185 + b. List the prime factors of l.
5, 19
Suppose v = -2*o + 2*v + 2, -5*o + 5*v + 15 = 0. Let d(t) = -3*t**2 - 2*t - 1. Let f be d(o). What are the prime factors of 1230/54 + f/(-9)?
23
Suppose 5*d - 2*t = 1026, -3*d + 808 - 193 = -t. Suppose 4*p = 6*p - d. Suppose -4*x + 206 = 5*u, -2*u - u + 3*x = -p. List the prime factors of u.
2, 19
Suppose 5*u = 5*x - 30, u - 2*x + 7*x = 18. Let a(j) = j - 4. Let w be a(u). Let i = 30 + w. List the prime factors of i.
2, 3
Suppose 0 = -3*a - 4*z + 425, 2*z - z = 4*a - 573. Suppose 60 = -w + a. What are the prime factors of w?
83
Suppose 0*p = 4*p - 1908. Suppose p = 3*j - 111. What are the prime factors of j?
2, 7
List the prime factors of 215/(-2)*(10 + -24 - -2).
2, 3, 5, 43
Suppose 0 = 5*q - q - 5*j + 175, -5*j - 105 = 3*q. Suppose -c = 5, -c + 5*c = -5*i - 165. Let s = i - q. What are the prime factors of s?
11
Suppose -102 = -11*b + 382. List the prime factors of b.
2, 11
Suppose -3*b = -7*b - 40. Suppose -u + 3 - 5 = 0. What are the prime factors of -20*((-16)/b + u)?
2
Let s be (-4)/(-10) + 117/45. Suppose -r = -4, s*p - r - 4 = 4. Suppose 0 = -p*h - 16, 3*o + o = -2*h + 12. List the prime factors of o.
5
Suppose -4*j + 1447 = 3*m, 19*m - 23*m + 4*j + 1920 = 0. List the prime factors of m.
13, 37
What are the prime factors of ((-7)/((-21)/2))/(11/47586)?
2, 7, 103
Let j = -1 + 1. List the prime factors of 10*(84/8 + j).
3, 5, 7
Let t = -27 + 30. List the prime factors of t + -4 - (-1 + -2).
2
Let m(u) = -u**2 - 12*u - 1. Let l be m(-12). Let b(r) = r - 2. Let d be b(5). List the prime factors of (-6)/d + 17 + l.
2, 7
Suppose -3*j + 6*j = 102. What are the prime factors of j?
2, 17
Suppose -j - 12 = -5*j. Suppose j*y - 4*y = -4. Suppose 0 = -y*r + 64 - 16. What are the prime factors of r?
2, 3
Suppose -4683 = -4*d - q, 281*q = 4*d + 285*q - 4692. What are the prime factors of d?
2, 3, 5, 13
Suppose -3*p + 8 = -7*p. List the prime factors of (-456)/36*1/(p/3).
19
Let l be 1/3 - ((-1)/(-3) + 0). Suppose l = 6*i - 2*i - 164. List the prime factors of i.
41
Let x be (-23 - -1)/((-2)/(-13)). Let b = x + 204. List the prime factors of b.
61
Suppose 2*x = 3 + 19. List the prime factors of 4 - ((-1 - 213) + 22/x).
2, 3
Suppose -6*c + 2*c + 4*f = 8, -18 = -5*c - 2*f. Suppose 10 = -c*q, -40 = -5*l + 6*q - q. Suppose r = l + 51. What are the prime factors of r?
2, 3
Suppose 0 = -5*j - 3*z + 197, 3*j - 3*z - 108 = 15. Suppose v = 3*v + 5*k - 33, 3*v = 2*k + j. List the prime factors of v.
2, 7
Let z = 794 + -424. What are the prime factors of (z/15)/((-6)/(-9))?
37
Let w(s) = -7*s + 1. Let g be w(1). Let f be -2*g*(-4)/(-8). Let k = f + 33. List the prime factors of k.
3, 13
Suppose j - 304 = -5*a, -j + 5*a = a - 304. Suppose -4*z = -5*s + j, -6*z + 7*z + 181 = 3*s. List the prime factors of s.
2, 3, 5
Let c be (2/4)/((-16)/32)*-489. Let d = -322 + c. List the prime factors of d.
167
Let p(a) be the third derivative of a**6/120 + a**5/10 - 5*a**4/24 - a**3 + 4*a**2. List the prime factors of p(-5).
2, 11
Let k be -5 - -427*(-3 + -10). What are the prime factors of 2/13 + k/(-52)?
107
Let w = 1354 - 890. Suppose -4*y + 0*y = -w. List the prime factors of y.
2, 29
List the prime factors of -7674*4/24*-2.
2, 1279
Suppose 30 = -0*y - y. Let u = -47 + 90. Let z = y + u. What are the prime factors of z?
13
Let k(x) = x**3 + 0*x**3 + 0*x**3 - 9*x**2 + 9*x - 6. Let c be k(8). Suppose 0*q + 86 = c*q. List the prime factors of q.
43
Let g(y) = 7*y**2 - 7